7, -2*k - 5*s = -k + 87. Let q = k + 130. What is the units digit of q?
3
Let g(f) = f + 2. Let z be g(8). Let q be (39 + -33)*(1 - z/4). What is the units digit of 129*3/(q/(-3))?
9
Suppose -35*u - 10 = -37*u, -4*d + u + 2739 = 0. What is the hundreds digit of d?
6
Let n(b) = 34*b - 44. Let h be n(-11). Let z = -210 - h. Let j = z - 68. What is the units digit of j?
0
Suppose -2*q - 23 + 1 = 0. Let r(y) = -y**3 - 12*y**2 - 13*y - 6. Let f be r(q). Suppose 2*a - o - f = 72, 3*o + 6 = 0. What is the tens digit of a?
4
Let d(w) = w**3 - 2*w**2 + 3. Let z be d(0). Let i be (-1686)/(-10) + (-2)/(-5). Suppose j = z*n - i, 2*n + j - 134 = -28. What is the units digit of n?
5
Let q be 306/15 - (9/(-15) + 1). Suppose 5*l - q + 5 = 0. What is the units digit of l?
3
Let y(v) = 31*v + 4. Let l be y(-1). Let x(a) = -19*a + 1. Let h be x(-2). Let w = l + h. What is the tens digit of w?
1
Suppose 0 = 2*v + 3*q - 18728, -23*v - q - 46871 = -28*v. What is the thousands digit of v?
9
Suppose -58*j + 263153 = -11*j. What is the tens digit of j?
9
Suppose 17*a - 51 = 68. What is the tens digit of ((-160)/24 + a)/((-2)/(-60))?
1
Suppose -13*o = -1924 - 858. Let g = 303 - o. What is the units digit of g?
9
Let u be ((-60)/8)/((-3)/4). Suppose 0 = 2*r + 4*d + 70, -2*r + 4*d - 96 = -u. What is the units digit of 8/(16/r)*-2?
9
Suppose -5*o = 3*k - 196109, 5*o - 326845 = -8*k + 3*k. What is the thousands digit of k?
5
Suppose -r - 9*y = -1937, -2*r + 3874 = 5*y - 3*y. What is the hundreds digit of r?
9
Suppose 0 = 13*a - 5746 - 3068. What is the hundreds digit of a?
6
Let i(n) = 2*n**3 - 58*n**2 + 37*n - 35. What is the units digit of i(33)?
8
Let c(m) = -159*m**3 + 3*m**2 - 13*m - 51. What is the thousands digit of c(-4)?
0
Suppose -3*i + 5*x = -27, 2 - 5 = x. Suppose o - 1018 = i*n, -o = 4*o + 5*n - 4965. What is the hundreds digit of o?
9
Suppose -5*s + 10 = 0, -n + 80 = s + 379. Let t = 544 + n. What is the tens digit of t?
4
Let c = 397 + -657. Let j = 34 + -411. Let p = c - j. What is the tens digit of p?
1
Suppose 0 = -2*c - 4*x - 6, 4*x = 7*x - 6. Let g(s) = s**3 + 13*s**2 + 31*s + 4. What is the tens digit of g(c)?
8
Suppose -7*h = -2*h + 15. Suppose 4*j + 133*g + 32 = 137*g, 4*g - 8 = -2*j. What is the tens digit of (h/j)/((-2 - 1)/(-252))?
6
Suppose 7015 = 23*f + 18975. Let j = -334 - f. What is the tens digit of j?
8
Let d = -42 - -42. Suppose 0 = 3*t + 3*q + 9, t + 5*q - 9 - 8 = d. Let f(w) = -12*w - 1. What is the tens digit of f(t)?
9
Let a = 148 - 68. Suppose w = -2*h + a, 5*h - 13 + 93 = w. Suppose 2*y = -w + 262. What is the tens digit of y?
9
Let b(t) = -5*t**2 + 4*t. Let z be (-28)/(-6) - 4/6. Let h be b(z). Let g = -15 - h. What is the units digit of g?
9
Let f = 79 + -85. Let r be (-382)/f - 22/33. Suppose 2*m + r - 347 = 0. What is the units digit of m?
2
Suppose -9*j + 31040 = -26209. What is the tens digit of j?
6
Let f(q) = -748*q + 252. What is the thousands digit of f(-23)?
7
Let m(x) = 10*x - 13. Let p(l) = 22*l - 27. Suppose f = -5*j - 14, -5*j = 4*f - 0*f - 4. Let i(n) = f*p(n) - 13*m(n). What is the tens digit of i(5)?
1
Let n(b) = -b**3 - 4*b**2 + 2*b - 6. Let s(o) = o**3 + 2*o**2 - 3*o + 3. Let m be s(-3). Suppose 0 = 6*w + m*w + 45. What is the units digit of n(w)?
9
Suppose 2*c - 10 = -4*t, 13*t = 5*c + 12*t + 30. Let s(f) = 11*f**2 + 17*f + 23. What is the tens digit of s(c)?
1
Let g = -3312 - -5936. Let q = g - 1314. What is the tens digit of q?
1
Let m = 1615 - -853. What is the units digit of m?
8
Let d(a) = a + 22. Let t(x) = x**2 + 11*x - 16. Suppose -5*n + 2 + 8 = 0, -3*n = 5*o + 64. Let h be t(o). What is the tens digit of d(h)?
4
Suppose -924*r = -946*r + 139942. What is the hundreds digit of r?
3
Suppose k + d = 25035, 0 = 247*k - 249*k + 4*d + 50088. What is the units digit of k?
8
Suppose q + j - 830 = 0, -13 = 4*j - 5. Suppose 0 = 6*h - 272 - q. What is the tens digit of h?
8
Let s = -555 + 562. What is the units digit of (-934)/((s - 2)*(-4)/10)?
7
Suppose -4*k = 2*v - 6, v - 2*k - 31 = 3*k. Suppose 9*h = v*h - 1114. What is the units digit of h?
7
Suppose 40*a - 43*a = 15. What is the hundreds digit of 8139/12 - a/(-20)?
6
Suppose 3*f + t = 161, -5*f + 4*t - 29 = -303. What is the units digit of (f/15)/((-12)/(-270))?
1
Let u = -14 + 16. Suppose -2*l + l = -u*s - 3, 2*s + 10 = 0. What is the tens digit of (-1)/l + (-3648)/(-42)?
8
Suppose 3*b - 7*b + 220 = 0. Let r = b - 54. What is the tens digit of 52/r - ((-5 - -10) + -7)?
5
Suppose -5*l + 190 = 35. Let d = -24 + 26. Suppose 2*y - d*i - 34 = 0, 2*i - i = -2*y + l. What is the units digit of y?
6
Let u = 16 - 14. Suppose -7*q + 3*q = 12, 0 = -3*b - u*q. What is the units digit of (b - 3)*1 + 38?
7
Suppose 220 = 2*r - 6*r. Let g = r - -61. What is the units digit of (g + -15)/(2 + (-26)/12)?
4
Suppose -11 = -2*a + 95. Suppose -2*z - a = -3*z - g, 2*z = 2*g + 110. Let s = 112 + z. What is the hundreds digit of s?
1
Let p(c) = 36 + 32*c + 7*c**3 - 21*c**2 + 6*c**2 - 6*c**3 + 0*c**3. What is the tens digit of p(16)?
0
Let a(j) = -46*j**2 + 78*j**2 + j**3 + 23 - 37*j**2. What is the tens digit of a(6)?
5
Suppose 242*a - 245*a - 4*h + 121715 = 0, 5*h - 202860 = -5*a. What is the thousands digit of a?
0
Let q(c) = 0*c**2 - 10*c - c**2 + 22*c + 8. Let r be q(8). What is the units digit of 11/(-2 - (-84)/r)?
0
Suppose 4*c + h = -3*h + 4, -h - 9 = -c. Suppose -5*r = 3*q - 1583, c*r - 907 = -4*q + 672. What is the units digit of r?
9
Suppose -m - 169 = -h, m + 643 + 202 = 5*h. What is the tens digit of 16 + h + (1 - 1*-3)?
8
Let a(i) = -49*i**3 + 6*i**2 - 20*i + 27. What is the hundreds digit of a(-6)?
9
Suppose 3*l = 5*k + 78668, 2*l = 6*l - 2*k - 104872. What is the units digit of l?
6
Suppose 9*h + 359 = 8585. Let n = 1471 - h. What is the hundreds digit of n?
5
Let v(i) = 808*i**2 - 166*i + 1. What is the thousands digit of v(4)?
2
Suppose 4*x + 66*k = 63*k + 28801, 28806 = 4*x - 2*k. What is the hundreds digit of x?
2
Let d be (-24)/108 - (-256)/18. Let v(i) = -30*i**2. Let o be v(1). What is the units digit of d/(10/4*(-8)/o)?
1
Let n be 4/6*(-18)/6. Let y(u) = -10*u + 1. Let k be y(n). Suppose -k*g + 18*g + 102 = 0. What is the units digit of g?
4
Let r(b) = -140*b - 29. Let o(s) = 139*s + 29. Let q(j) = -5*o(j) - 6*r(j). What is the hundreds digit of q(6)?
8
Let s(o) = -o**3 - 7*o**2 + 4*o - 30. Let c be s(-8). Suppose -c*x + 534 = 3*v, v = -x - 3*x + 168. What is the tens digit of v?
8
Let v = -3178 + 3162. Suppose 81 + 79 = -4*p. What is the hundreds digit of (-682)/(-5) - v/p?
1
Let m(l) = -3*l - 2. Let s be (-2*1)/(8/24). Let g be m(s). Suppose 113 = -0*p + 3*p - 4*q, p - g = -3*q. What is the units digit of p?
1
Suppose -3*w = -2 - 4. Suppose 2*q + 68 = -w*q. Let h = 23 - q. What is the units digit of h?
0
What is the thousands digit of (-4 + 3828/(-42))/(12/(-896))?
7
Let i = 266 - 160. What is the tens digit of 18*(i/6)/1?
1
Let p = 610 - -269. Let x be 6/(-4 + p/222). Let a = -82 - x. What is the tens digit of a?
6
Suppose -10*z + 0*z = -5075 - 3275. What is the tens digit of z?
3
Let v(h) = 2*h**2 + 20*h + 25. Let o be v(-8). Let q = o + 86. What is the units digit of q?
9
Suppose 3*w - 8392 = 5*i, 4*i - 2*w + 6603 = -109. Let n = i - -2521. What is the units digit of n/10 - 1/2?
4
What is the ten thousands digit of ((-10)/5)/((-30)/(-45)) - -12402?
1
Let v(i) = 43 - 23*i - 9*i**2 - 4*i**2 + 17*i**2. What is the hundreds digit of v(14)?
5
Let w = 18 - -295. Suppose 3*v = 5*c + 945 + w, -5*v = -c - 2104. What is the tens digit of v?
2
Suppose -79 = -3*x - 5*p, -4*x + 4*p = -6*x + 52. What is the hundreds digit of 74*-1*x/(-8)?
2
Let o = -639 + 952. Let q = o - 3. What is the hundreds digit of q?
3
Let j(q) = -203*q - 42. Let p be j(-5). Suppose 19*z = -p + 8687. What is the tens digit of z?
0
Let z be 8/3*(3/2)/1. Suppose -213 = -z*x + 263. Let n = x - 32. What is the units digit of n?
7
Suppose s = 6*s - 3*i - 173961, -3*s - 3*i + 104415 = 0. What is the thousands digit of s?
4
Let u be ((0 - -2)/1)/((-2)/43). Let q = u + 47. Suppose -25 = -5*h, q*p - h - h = 510. What is the tens digit of p?
3
Let j = -417 + 741. Suppose -5*b + 858 = 4*w - j, 0 = -4*b + 8. What is the units digit of w?
3
Suppose -2*j = -509 - 2463. Suppose -7*c = -614 - j. Suppose 3*g 